{"id":52,"date":"2018-06-03T08:06:56","date_gmt":"2018-06-03T08:06:56","guid":{"rendered":"http:\/\/eminakopic.com\/?page_id=52"},"modified":"2024-10-20T16:21:17","modified_gmt":"2024-10-20T15:21:17","slug":"o-nama","status":"publish","type":"page","link":"https:\/\/eminakopic.com\/","title":{"rendered":"O meni"},"content":{"rendered":"<p><img fetchpriority=\"high\" decoding=\"async\" class=\"wp-image-207 size-medium alignleft\" src=\"http:\/\/eminakopic.com\/wp-content\/uploads\/2024\/05\/mIMG_20240502_115129-200x300.jpg\" alt=\"\" width=\"200\" height=\"300\" \/>Rodjena sam i odrasla u Beogradu, pod uticajem razli\u010ditih kultura. Posve\u0107ena sam svojoj porodici i poslu i lojalan prijatelj. Trudim se da \u017eivim u skladu sa svojim vrednostima.<\/p>\n<p>Psihologiju sam diplomirala 2001. godine na Filozofskom fakultetu Univerziteta u Beogradu. Iste godine sam zavr\u0161ila sertifikovan kurs iz razre\u0161avanja konflikata i pomirenja &#8220;Reconsiliation and Conflict Resolution&#8221;, na Medjunarodnoj trening \u0161koli SIT &#8220;School for International Training, Brattleboro, Vermont, USA&#8221;.<\/p>\n<p>Profesionalnu karijeru otpo\u010dinjem tokom studija, 1997. godine, kao saradnik u obuci prosvetnih radnika za nenasilnu komunikaciju. Razumem va\u017enost empatije i nastojim da je negujem i razvijam kod sebe i drugih.<br \/>Od 2000. godine, kroz razli\u010dite projekte i samostalno, kontinuirano radim sa pojedincima i grupama koji pripadaju razli\u010ditim populacijama &#8211; mladi, osobe koje su pre\u017eivele traume, izbeglice, talentovani pojedinci, marginalizovane osobe, pomaga\u010di, osobe sa razli\u010ditim problemima \u017eivljenja, osobe koje imaju hroni\u010dne bolesti (kao dijabetes, astma, multipla skleroza, kancer), roditelji i bra\u010dni \/parterski parovi.<br \/>Imam vi\u0161egodi\u0161nje iskustvo u upravljanju ljudskim resursima &#8211; selekciji, obuci, motivisanju zaposlenih i izgradnji timova.<br \/>\u010clanica sam i saradnica organizacije Prvi put s ocem, gde se bavim edukativnim radionicama za roditelje, kao i organizacije Krugovi &#8211; Centar za edukaciju i razvoj li\u0107nosti.<\/p>\n<p>Uz u\u010denje iz rada sa ljudima usavr\u0161avam se i kroz formalne i neformalne edukacije, seminare i radionice.<br \/>Posebno izdvajam vi\u0161egodi\u0161nje edukacije iz domena psihoterapije i savetovanja:<br \/>Od 2009. do 2014. godine bila sam na obuci i stekla zvanje Savetnik Transakcione analize u okviru TA Centra\/Psihopilisa.<br \/>2019.\u00a0 godine stekla sam zvanje Sistemski terapeut bolesti zavisnosti u Institutu za mentalno zdravlje, nakon dvogodi\u0161nje obuke i prakse.<br \/>2024. godine stekla sam zvanje Porodi\u010dni psihoterapeut, nakon petogodi\u0161nje obuke i prakse u u Institutu za mentalno zdravlje, Evropski akreditovanom institutu za edukaciju iz psihoterapije (EAPTI).<br \/>Zavr\u0161ila sam sertifikovane obuke &#8211; Trening za trenere, Facilitacija, Strate\u0161ko Planiranje, Open Space Technology, kao i obuku za kori\u0161\u0107enje igara u radu sa grupama.<br \/>Imam iskustvo u primeni EMDR metode, psihodramskih tehnika, tehnika teatra potla\u010denih i tehnika telesne psihoterapije.<\/p>\n<p>Verujem u potencijal i odgovornost svakog \u010doveka da svoj \u017eivot i svet oko sebe u\u010dini boljim i u\u017eivam da u\u010destvujem u ovom procesu.<\/p>\n\n\n<p><\/p>\n","protected":false},"excerpt":{"rendered":"<p>Rodjena sam i odrasla u Beogradu, pod uticajem razli\u010ditih kultura. Posve\u0107ena sam svojoj porodici i poslu i lojalan prijatelj. Trudim se da \u017eivim u skladu sa svojim vrednostima. Psihologiju sam diplomirala 2001. godine na Filozofskom fakultetu Univerziteta u Beogradu. Iste godine sam zavr\u0161ila sertifikovan kurs iz razre\u0161avanja konflikata i pomirenja &#8220;Reconsiliation and Conflict Resolution&#8221;, na &hellip; <\/p>\n<p class=\"link-more\"><a href=\"https:\/\/eminakopic.com\/\" class=\"more-link\">Continue reading<span class=\"screen-reader-text\"> &#8220;O meni&#8221;<\/span><\/a><\/p>\n","protected":false},"author":1,"featured_media":0,"parent":0,"menu_order":0,"comment_status":"closed","ping_status":"closed","template":"","meta":{"footnotes":""},"class_list":["post-52","page","type-page","status-publish","hentry"],"_links":{"self":[{"href":"https:\/\/eminakopic.com\/index.php?rest_route=\/wp\/v2\/pages\/52","targetHints":{"allow":["GET"]}}],"collection":[{"href":"https:\/\/eminakopic.com\/index.php?rest_route=\/wp\/v2\/pages"}],"about":[{"href":"https:\/\/eminakopic.com\/index.php?rest_route=\/wp\/v2\/types\/page"}],"author":[{"embeddable":true,"href":"https:\/\/eminakopic.com\/index.php?rest_route=\/wp\/v2\/users\/1"}],"replies":[{"embeddable":true,"href":"https:\/\/eminakopic.com\/index.php?rest_route=%2Fwp%2Fv2%2Fcomments&post=52"}],"version-history":[{"count":21,"href":"https:\/\/eminakopic.com\/index.php?rest_route=\/wp\/v2\/pages\/52\/revisions"}],"predecessor-version":[{"id":217,"href":"https:\/\/eminakopic.com\/index.php?rest_route=\/wp\/v2\/pages\/52\/revisions\/217"}],"wp:attachment":[{"href":"https:\/\/eminakopic.com\/index.php?rest_route=%2Fwp%2Fv2%2Fmedia&parent=52"}],"curies":[{"name":"wp","href":"https:\/\/api.w.org\/{rel}","templated":true}]}}